{"id":2346,"date":"2023-02-01T17:59:47","date_gmt":"2023-02-01T14:59:47","guid":{"rendered":"http:\/\/www.boyacihamdiusta.com\/?page_id=2346"},"modified":"2024-04-09T20:42:26","modified_gmt":"2024-04-09T17:42:26","slug":"bostanci-boyaci","status":"publish","type":"page","link":"http:\/\/www.boyacihamdiusta.com\/index.php\/bostanci-boyaci\/","title":{"rendered":"BOSTANC\u0130 BOYAC\u0130 05445127436"},"content":{"rendered":"\n<p><strong>Bostanc\u0131 Boya ustas\u0131&nbsp;<\/strong><\/p>\n\n\n\n<p><strong>Bostanc\u0131&nbsp;<\/strong><strong>Boyac\u0131 Ustas\u0131&nbsp;<\/strong><\/p>\n\n\n\n<p><strong>Bostanc\u0131&nbsp;<\/strong><strong>Boyaci&nbsp;<\/strong><\/p>\n\n\n\n<p><strong>Bostanc\u0131&nbsp;<\/strong><strong>Ev Boyama&nbsp;<\/strong><\/p>\n\n\n\n<p><strong>Bostanc\u0131&nbsp;<\/strong><strong>Badana Ustas\u0131&nbsp;<\/strong><\/p>\n\n\n\n<p><strong>Bostanc\u0131&nbsp;<\/strong><strong>Boya Badana&nbsp;&nbsp;<\/strong><\/p>\n\n\n\n<p><strong>Bostanc\u0131&nbsp;<\/strong><strong>#<\/strong><strong>Bostanc\u0131<\/strong><strong>Boyac\u0131<\/strong><\/p>\n\n\n\n<p><strong>&nbsp;ve Ekibi olarak her zaman hizmetinizdeyiz. Y\u0131llar\u0131n verdi\u011fi ustal\u0131k ve deneyimle beraber boya ve badana hizmet sekt\u00f6r\u00fcnde faaliyet g\u00f6stermekte olan profesyonel ekiplerimizle birlikte \u0130stanbul da her semtte hizmet veren, deneyim ve ustal\u0131kla birlikte ve her halde uygun fiyat garantisiyle, hizmet sundu\u011fumuz boya badana, kartonpiyer, al\u00e7\u0131 s\u0131va, mantolama, \u0131s\u0131 yal\u0131t\u0131m gibi dekorasyon i\u015flerinizde de\u011ferli m\u00fc\u015fterilerimizin daima yan\u0131nday\u0131z.<\/strong><\/p>\n\n\n\n<figure class=\"wp-block-image\"><img decoding=\"async\" src=\"https:\/\/ekobi.s3.eu-central-1.amazonaws.com\/services\/2022\/04\/597c58972269835f2b3886ee5e9114d4.png\" alt=\"Boya - Badana\"\/><\/figure>\n\n\n\n<h5 class=\"wp-block-heading\">BOSTANCI BOYA &#8211; BADANA<\/h5>\n\n\n\n<p>Ev ve \u0130\u015f Yerlerinizin T\u00fcm Boya-Badana \u0130\u015fleri \u0130\u00e7in Tadilat Merkezi Olarak Hizmetinizdeyiz<\/p>\n\n\n\n<figure class=\"wp-block-image\"><img decoding=\"async\" src=\"https:\/\/ekobi.s3.eu-central-1.amazonaws.com\/services\/2022\/04\/646712a7e769cbb5700ce2e111f079ac.jpg\" alt=\"Al\u00e7\u0131pan - Kartonpiyer\"\/><\/figure>\n\n\n\n<h5 class=\"wp-block-heading\">BOSTANC\u0130 AL\u00c7IPAN &#8211; KARTONP\u0130YER<\/h5>\n\n\n\n<p>Ev, \u0130\u015f Yeri ve \u0130n\u015faatlar\u0131n\u0131z \u0130\u00e7in ; Al\u00e7\u0131pan ve Kartonpiyer \u0130\u015flerinizde Bizlerden Bilgi ve Fiyat Alabilirsiniz<\/p>\n\n\n\n<figure class=\"wp-block-image\"><img decoding=\"async\" src=\"https:\/\/ekobi.s3.eu-central-1.amazonaws.com\/services\/2022\/04\/e800c363110b84c791beee133fea265c.png\" alt=\"\u00c7at\u0131 - \u0130zolasyon\"\/><\/figure>\n\n\n\n<h5 class=\"wp-block-heading\">BOSTANCI  \u00c7ATI &#8211; \u0130ZOLASYON<\/h5>\n\n\n\n<p>\u00c7at\u0131 ve T\u00fcm \u0130zolasyon \u0130\u015flerinizde Bizlerden Bilgi ve Fiyat Alabilirsiniz<\/p>\n\n\n\n<figure class=\"wp-block-image\"><img decoding=\"async\" src=\"https:\/\/ekobi.s3.eu-central-1.amazonaws.com\/services\/2022\/04\/dbece1ed2d01e2eb301bd5eccdf3fd94.png\" alt=\"Elektrik - Su - Do\u011falgaz\"\/><\/figure>\n\n\n\n<h5 class=\"wp-block-heading\">BOSTANCI  ELEKTR\u0130K &#8211; SU &#8211; DO\u011eALGAZ<\/h5>\n\n\n\n<p>Ev, \u0130\u015f Yeri ve \u0130n\u015faatlar\u0131n\u0131z\u0131n T\u00fcm Elektrik, Su, Do\u011falgaz, Kalorifer vb. Teknik \u0130\u015flerinde Bizlerden Bilgi ve Fiyat Alabilirsiniz<\/p>\n\n\n\n<figure class=\"wp-block-image\"><img decoding=\"async\" src=\"https:\/\/ekobi.s3.eu-central-1.amazonaws.com\/services\/2022\/04\/0cc9dd058235b07a8aa2ce8d7f3266ec.png\" alt=\"Seramik - Fayans\"\/><\/figure>\n\n\n\n<h5 class=\"wp-block-heading\">BOSTANCI  SERAM\u0130K &#8211; FAYANS<\/h5>\n\n\n\n<p>Banyo, Mutfak, Wc ve Zemin Seramik \u0130\u015flerinizde Firmam\u0131zdan Bilgi ve Fiyat Alabilirsiniz<\/p>\n\n\n\n<figure class=\"wp-block-image\"><img decoding=\"async\" src=\"https:\/\/ekobi.s3.eu-central-1.amazonaws.com\/services\/2022\/04\/d22636f48066d8bc1c21d029e6fa9432.png\" alt=\"S\u0131va - Al\u00e7\u0131\"\/><\/figure>\n\n\n\n<h5 class=\"wp-block-heading\">BOSTANC\u0130 SIVA &#8211; AL\u00c7I<\/h5>\n\n\n\n<p>Al\u00e7\u0131 S\u0131va, Kara S\u0131va, Duvar S\u0131va, S\u0131vamatik \u0130\u015fleriniz \u0130\u00e7in Firmam\u0131zdan Bilgi ve Fiyat Alabilirsiniz<\/p>\n\n\n\n<figure class=\"wp-block-image\"><img decoding=\"async\" src=\"https:\/\/ekobi.s3.eu-central-1.amazonaws.com\/services\/2022\/04\/6bf7a19e547f1ea59e679684e2aa737a.jpg\" alt=\"Duvar - Kal\u0131p\"\/><\/figure>\n\n\n\n<h5 class=\"wp-block-heading\">BOSTANC\u0130  DUVAR &#8211; KALIP<\/h5>\n\n\n\n<p>\u0130n\u015faat Duvar ve Kal\u0131p \u0130\u015flerinizde Firmam\u0131z\u0131 Arayarak Bilgi ve Fiyat Alabilirsiniz<\/p>\n\n\n\n<figure class=\"wp-block-image\"><img decoding=\"async\" src=\"https:\/\/ekobi.s3.eu-central-1.amazonaws.com\/services\/2022\/04\/8a76d063b73aea5e4e81101df3dc04a2.png\" alt=\"Karot - Kesim\"\/><\/figure>\n\n\n\n<h5 class=\"wp-block-heading\">BOSTANCI KAROT &#8211; KES\u0130M<\/h5>\n\n\n\n<p>\u0130n\u015faat Karot Kesim ve K\u0131r\u0131m \u0130\u015flerinizde Bizleri Arayabilirsiniz<\/p>\n\n\n\n<figure class=\"wp-block-image\"><img decoding=\"async\" src=\"https:\/\/ekobi.s3.eu-central-1.amazonaws.com\/services\/2022\/04\/98923e8583ff95e6f8c23df4c54c4e32.jpg\" alt=\"\u0130n\u015faat\"\/><\/figure>\n\n\n\n<h5 class=\"wp-block-heading\">BOSTANC\u0130 \u0130N\u015eAAT<\/h5>\n\n\n\n<p>\u0130n\u015faat projelerinizi Anahtar Teslim Ger\u00e7ekle\u015ftiriyoruz.<\/p>\n\n\n\n<figure class=\"wp-block-image\"><img decoding=\"async\" src=\"https:\/\/ekobi.s3.eu-central-1.amazonaws.com\/services\/2022\/04\/02ef39d47b74cc958e4a9f82f86935c0.png\" alt=\"Ofis Tadilat Dekorasyon\"\/><\/figure>\n\n\n\n<h5 class=\"wp-block-heading\">BOSTANCI  OF\u0130S TAD\u0130LAT DEKORASYON<\/h5>\n\n\n\n<p>Ofislerinizin T\u00fcm Tadilat ve Dekorasyon \u0130\u015fleri \u0130\u00e7in Bizleri Arayabilirsiniz<\/p>\n\n\n\n<figure class=\"wp-block-image\"><img decoding=\"async\" src=\"https:\/\/ekobi.s3.eu-central-1.amazonaws.com\/services\/2022\/04\/178f9815b17c7d164e7294c52f1e9aa2.png\" alt=\"Ev Tadilat Dekorasyon\"\/><\/figure>\n\n\n\n<h5 class=\"wp-block-heading\">BOSTANC\u0130 EV TAD\u0130LAT DEKORASYON<\/h5>\n\n\n\n<p>Evlerinizin T\u00fcm Tadilat ve Dekorasyon \u0130\u015fleri \u0130\u00e7in Bizleri Arayabilirsiniz<\/p>\n\n\n\n<figure class=\"wp-block-image\"><img decoding=\"async\" src=\"https:\/\/ekobi.s3.eu-central-1.amazonaws.com\/services\/2022\/04\/cef1e8141a677e4ee0bfc1917f6c0897.png\" alt=\"Fabrika Tadilat Dekorasyon\"\/><\/figure>\n\n\n\n<h5 class=\"wp-block-heading\">BOSTANCI  FABR\u0130KA TAD\u0130LAT DEKORASYON<\/h5>\n\n\n\n<p>Fabrika ve \u0130\u00e7 Ofislerinizin T\u00fcm Tadilat ve Dekorasyonlar\u0131 \u0130\u00e7in Bizleri Arayabilirsiniz<\/p>\n\n\n\n<figure class=\"wp-block-image\"><img decoding=\"async\" src=\"https:\/\/ekobi.s3.eu-central-1.amazonaws.com\/services\/2022\/04\/a9c35de174e049ea373ed85373cd315b.jpg\" alt=\"Banyo Tadilat Dekorasyon\"\/><\/figure>\n\n\n\n<h5 class=\"wp-block-heading\">BOSTANC\u0130 BANYO TAD\u0130LAT DEKORASYON<\/h5>\n\n\n\n<p>Ev ve \u0130\u015f Yerlerinizin Banyolar\u0131n\u0131 Komple Yeniliyoruz. Anahtar Teslim Tadilat \u0130\u00e7in Bizleri Arayabilirsiniz<\/p>\n\n\n\n<figure class=\"wp-block-image\"><img decoding=\"async\" src=\"https:\/\/ekobi.s3.eu-central-1.amazonaws.com\/services\/2022\/04\/1e193e302edb6ecd67c10aa3c24b8004.jpg\" alt=\"Mutfak Tadilat ve Dekorasyon\"\/><\/figure>\n\n\n\n<h5 class=\"wp-block-heading\">BOSTANCI  MUTFAK TAD\u0130LAT VE DEKORASYON<\/h5>\n\n\n\n<p>Ev ve \u0130\u015f Yerlerinizin Mutfaklar\u0131n\u0131 Komple Yeniliyoruz. Anahtar Teslim Tadilat \u0130\u00e7in Bizleri Arayabilirsiniz<\/p>\n\n\n\n<p>\u00a0HEMEN ARA<\/p>\n\n\n\n<p><a href=\"https:\/\/api.whatsapp.com\/send?phone=+905545668856\">\u00a0<\/a>05445127436<\/p>\n","protected":false},"excerpt":{"rendered":"<p>Bostanc\u0131 Boya ustas\u0131&nbsp; Bostanc\u0131&nbsp;Boyac\u0131 Ustas\u0131&nbsp; Bostanc\u0131&nbsp;Boyaci&nbsp; Bostanc\u0131&nbsp;Ev Boyama&nbsp; Bostanc\u0131&nbsp;Badana Ustas\u0131&nbsp; Bostanc\u0131&nbsp;Boya Badana&nbsp;&nbsp; Bostanc\u0131&nbsp;#Bostanc\u0131Boyac\u0131 &nbsp;ve Ekibi olarak her zaman hizmetinizdeyiz. Y\u0131llar\u0131n verdi\u011fi ustal\u0131k ve deneyimle beraber boya ve badana hizmet sekt\u00f6r\u00fcnde faaliyet g\u00f6stermekte olan profesyonel ekiplerimizle birlikte \u0130stanbul da her semtte hizmet veren, deneyim ve ustal\u0131kla birlikte ve her halde uygun fiyat garantisiyle, hizmet sundu\u011fumuz boya [&hellip;]<\/p>\n","protected":false},"author":1,"featured_media":0,"parent":0,"menu_order":0,"comment_status":"closed","ping_status":"closed","template":"","meta":{"om_disable_all_campaigns":false,"_monsterinsights_skip_tracking":false,"_monsterinsights_sitenote_active":false,"_monsterinsights_sitenote_note":"","_monsterinsights_sitenote_category":0,"ngg_post_thumbnail":0,"footnotes":""},"class_list":["post-2346","page","type-page","status-publish","hentry"],"aioseo_notices":[],"_links":{"self":[{"href":"http:\/\/www.boyacihamdiusta.com\/index.php\/wp-json\/wp\/v2\/pages\/2346"}],"collection":[{"href":"http:\/\/www.boyacihamdiusta.com\/index.php\/wp-json\/wp\/v2\/pages"}],"about":[{"href":"http:\/\/www.boyacihamdiusta.com\/index.php\/wp-json\/wp\/v2\/types\/page"}],"author":[{"embeddable":true,"href":"http:\/\/www.boyacihamdiusta.com\/index.php\/wp-json\/wp\/v2\/users\/1"}],"replies":[{"embeddable":true,"href":"http:\/\/www.boyacihamdiusta.com\/index.php\/wp-json\/wp\/v2\/comments?post=2346"}],"version-history":[{"count":18,"href":"http:\/\/www.boyacihamdiusta.com\/index.php\/wp-json\/wp\/v2\/pages\/2346\/revisions"}],"predecessor-version":[{"id":2718,"href":"http:\/\/www.boyacihamdiusta.com\/index.php\/wp-json\/wp\/v2\/pages\/2346\/revisions\/2718"}],"wp:attachment":[{"href":"http:\/\/www.boyacihamdiusta.com\/index.php\/wp-json\/wp\/v2\/media?parent=2346"}],"curies":[{"name":"wp","href":"https:\/\/api.w.org\/{rel}","templated":true}]}}