{"id":2388,"date":"2023-08-30T20:10:17","date_gmt":"2023-08-30T17:10:17","guid":{"rendered":"https:\/\/www.boyacihamdiusta.com\/?page_id=2388"},"modified":"2024-03-22T13:30:05","modified_gmt":"2024-03-22T10:30:05","slug":"tuzla-postane-mahallesi-boyaci","status":"publish","type":"page","link":"http:\/\/www.boyacihamdiusta.com\/index.php\/tuzla-postane-mahallesi-boyaci\/","title":{"rendered":"Tuzla postane mahallesi boyac\u0131 05445127436"},"content":{"rendered":"\n<p>Postane Mahallesi Boyac\u0131 ustalar\u0131 olarak y\u0131llard\u0131r boya al\u00e7\u0131 uygulama i\u015flerinde Profesyonelle\u015fen Boyac\u0131 Usta Ekibiz H\u0131zl\u0131 ve kaliteli hizmet sunuyoruz siz de\u011ferli m\u00fc\u015fterilerimizin bu g\u00fcnlerde hangi sekt\u00f6r olursa olsun aran\u0131p da bulunamayan bir hizmet. boya ve badana hizmeti konusunda siz de\u011ferli m\u00fc\u015fterilerimizin beklentilerini en iyi \u015fekilde kar\u015f\u0131layabilmek, k\u0131sa zaman i\u00e7erisinde en iyi hizmeti alabilmenizi sa\u011flayabilmek i\u00e7in \u00e7al\u0131\u015f\u0131yoruz. art\u0131k di\u011fer ustalar\u0131n evinizi g\u00fcnlerce i\u015fgal etmelerine son veriyoruz kalabal\u0131k usta ekiplerimiz ile ev olsun i\u015f yeri olsun b\u00fcy\u00fckl\u00fc\u011f\u00fc hi\u00e7 \u00f6nemli de\u011fil boya badana i\u015flerini 1 g\u00fcnde bitiriyoruz.<\/p>\n\n\n\n<h1 class=\"wp-block-heading\">Postane Mah&nbsp;Boyac\u0131 Ekibi&nbsp;<\/h1>\n\n\n\n<p><strong>Tuzla Postane\u00a0Boyac\u0131<\/strong>\u00a0Sizde evim \u00e7ok kirlendi, vaktim de \u00e7ok az, k\u0131sa bir s\u00fcre i\u00e7inde evimi boyatmak i\u00e7in boya badana ustas\u0131 ar\u0131yorum diyorsan\u0131z, sizler i\u00e7in \u00e7ok k\u0131sa s\u00fcrede kaliteli hizmet veriyoruz. Y\u0131llar\u0131n verdi\u011fi tecr\u00fcbe ile Evinizi bir g\u00fcnde boyatmak art\u0131k hayal de\u011fil. \u00d6zellikle bizim gibi 20 y\u0131ld\u0131r bu i\u015fi emek vermi\u015f olan boya badana ustas\u0131 ile daha \u00f6nce eminiz ki tan\u0131\u015fmam\u0131\u015fs\u0131n\u0131zd\u0131r. Zaman\u0131n bu kadar k\u0131ymetli oldu\u011fu bir anda g\u00fcnlerce boyac\u0131 i\u015flerini bitirsin de art\u0131k evimden gitsin diye beklemenize gerek yok.<\/p>\n","protected":false},"excerpt":{"rendered":"<p>Postane Mahallesi Boyac\u0131 ustalar\u0131 olarak y\u0131llard\u0131r boya al\u00e7\u0131 uygulama i\u015flerinde Profesyonelle\u015fen Boyac\u0131 Usta Ekibiz H\u0131zl\u0131 ve kaliteli hizmet sunuyoruz siz de\u011ferli m\u00fc\u015fterilerimizin bu g\u00fcnlerde hangi sekt\u00f6r olursa olsun aran\u0131p da bulunamayan bir hizmet. boya ve badana hizmeti konusunda siz de\u011ferli m\u00fc\u015fterilerimizin beklentilerini en iyi \u015fekilde kar\u015f\u0131layabilmek, k\u0131sa zaman i\u00e7erisinde en iyi hizmeti alabilmenizi sa\u011flayabilmek i\u00e7in [&hellip;]<\/p>\n","protected":false},"author":1,"featured_media":0,"parent":0,"menu_order":0,"comment_status":"closed","ping_status":"closed","template":"","meta":{"om_disable_all_campaigns":false,"_monsterinsights_skip_tracking":false,"_monsterinsights_sitenote_active":false,"_monsterinsights_sitenote_note":"","_monsterinsights_sitenote_category":0,"ngg_post_thumbnail":0,"footnotes":""},"class_list":["post-2388","page","type-page","status-publish","hentry"],"aioseo_notices":[],"_links":{"self":[{"href":"http:\/\/www.boyacihamdiusta.com\/index.php\/wp-json\/wp\/v2\/pages\/2388"}],"collection":[{"href":"http:\/\/www.boyacihamdiusta.com\/index.php\/wp-json\/wp\/v2\/pages"}],"about":[{"href":"http:\/\/www.boyacihamdiusta.com\/index.php\/wp-json\/wp\/v2\/types\/page"}],"author":[{"embeddable":true,"href":"http:\/\/www.boyacihamdiusta.com\/index.php\/wp-json\/wp\/v2\/users\/1"}],"replies":[{"embeddable":true,"href":"http:\/\/www.boyacihamdiusta.com\/index.php\/wp-json\/wp\/v2\/comments?post=2388"}],"version-history":[{"count":2,"href":"http:\/\/www.boyacihamdiusta.com\/index.php\/wp-json\/wp\/v2\/pages\/2388\/revisions"}],"predecessor-version":[{"id":2677,"href":"http:\/\/www.boyacihamdiusta.com\/index.php\/wp-json\/wp\/v2\/pages\/2388\/revisions\/2677"}],"wp:attachment":[{"href":"http:\/\/www.boyacihamdiusta.com\/index.php\/wp-json\/wp\/v2\/media?parent=2388"}],"curies":[{"name":"wp","href":"https:\/\/api.w.org\/{rel}","templated":true}]}}