{"id":2461,"date":"2023-09-06T13:31:03","date_gmt":"2023-09-06T10:31:03","guid":{"rendered":"https:\/\/www.boyacihamdiusta.com\/?page_id=2461"},"modified":"2023-09-06T13:31:04","modified_gmt":"2023-09-06T10:31:04","slug":"gebze-cumhuriyet-mahalesi-boyaci","status":"publish","type":"page","link":"http:\/\/www.boyacihamdiusta.com\/index.php\/gebze-cumhuriyet-mahalesi-boyaci\/","title":{"rendered":"GEBZE CUMHUR\u0130YET MAHALES\u0130 BOYACI"},"content":{"rendered":"\n<p><strong>Gebze BOYA VE DEKORASYON<\/strong>&nbsp;olarak Bizi Tercih etti\u011finiz i\u00e7in Te\u015fekk\u00fcr ederiz.<br><strong>Gebze<\/strong>&nbsp;de&nbsp;<strong>TAD\u0130LAT<\/strong>&nbsp;i\u015flerinizi 1. s\u0131n\u0131f i\u015f\u00e7ilik ve L\u00fcks bir g\u00f6r\u00fcn\u00fcm i\u00e7in Ba\u015fak Hizmet ekiplerinden Hizmet almak i\u00e7in B\u0130Z\u0130 ARAYIN.<strong>&nbsp; &nbsp; &nbsp; &nbsp; &nbsp; &nbsp; &nbsp; &nbsp; &nbsp; &nbsp; &nbsp; &nbsp; &nbsp; &nbsp; &nbsp; &nbsp; &nbsp; GEBZE BOYA &#8211; DEKORASYON VE TAD\u0130LAT<\/strong><\/p>\n\n\n\n<p>KOCAEL\u0130 VE \u0130STANBUL B\u00d6LGES\u0130NDE ASMATAVAN-ELEKTR\u0130K-SU TES\u0130SAT-FAYANS-AL\u00c7I BOYA &#8211; DEM\u0130R KAYNAK- VE D\u0130\u011eER \u0130\u015eLER\u0130N\u0130ZDE S\u0130ZLERE DAHA \u0130Y\u0130 KAL\u0130TEL\u0130 VE G\u00dcVEN\u0130L\u0130R B\u0130R H\u0130ZMET VERMEK \u0130\u00c7\u0130N S\u0130ZLER\u0130N YANINDAYIZ.<br>YAPI- EMLAK &#8211; \u0130N\u015eAAT_ SEKT\u00d6RLER\u0130NDE \u0130\u015e\u00c7\u0130L\u0130\u011e\u0130M\u0130Z \u0130LE UYGUN F\u0130YATLARLA KAR\u015eINIZDAYIZ<strong>BOYA VE DEKORASYON \u0130\u015eLER\u0130N\u0130Z UZMAN EK\u0130PLER\u0130M\u0130Z TARAFINDAN S\u0130ZLERE VER\u0130LEN KAL\u0130TEL\u0130 H\u0130ZMET \u0130LE MUHTE\u015eEM G\u00d6RSELL\u0130KLER SUNUYORUZ.&nbsp;<\/strong><\/p>\n\n\n\n<figure class=\"wp-block-image\"><img decoding=\"async\" src=\"https:\/\/www.basakhizmet.com\/wsx_resimler\/images%20(2).jpg\" alt=\"\"\/><\/figure>\n\n\n\n<figure class=\"wp-block-image\"><img decoding=\"async\" src=\"https:\/\/www.basakhizmet.com\/wsx_resimler\/villa%20tadilati%205.jpg\" alt=\"\"\/><\/figure>\n\n\n\n<figure class=\"wp-block-image\"><img decoding=\"async\" src=\"https:\/\/www.basakhizmet.com\/wsx_resimler\/238.jpg\" alt=\"\"\/><\/figure>\n\n\n\n<figure class=\"wp-block-image\"><img decoding=\"async\" src=\"https:\/\/www.basakhizmet.com\/wsx_resimler\/056.jpg\" alt=\"\"\/><\/figure>\n\n\n\n<p><strong><em>GEBZE BOYA USTALARIMIZ \u0130LE BERABER EVLER\u0130N\u0130Z VE D\u00dcKKANLARINIZ OF\u0130SLER\u0130N\u0130Z&nbsp; \u0130T\u0130NA \u0130LE BOYA YAPILIR<\/em><\/strong><\/p>\n","protected":false},"excerpt":{"rendered":"<p>Gebze BOYA VE DEKORASYON&nbsp;olarak Bizi Tercih etti\u011finiz i\u00e7in Te\u015fekk\u00fcr ederiz.Gebze&nbsp;de&nbsp;TAD\u0130LAT&nbsp;i\u015flerinizi 1. s\u0131n\u0131f i\u015f\u00e7ilik ve L\u00fcks bir g\u00f6r\u00fcn\u00fcm i\u00e7in Ba\u015fak Hizmet ekiplerinden Hizmet almak i\u00e7in B\u0130Z\u0130 ARAYIN.&nbsp; &nbsp; &nbsp; &nbsp; &nbsp; &nbsp; &nbsp; &nbsp; &nbsp; &nbsp; &nbsp; &nbsp; &nbsp; &nbsp; &nbsp; &nbsp; &nbsp; GEBZE BOYA &#8211; DEKORASYON VE TAD\u0130LAT KOCAEL\u0130 VE \u0130STANBUL B\u00d6LGES\u0130NDE ASMATAVAN-ELEKTR\u0130K-SU TES\u0130SAT-FAYANS-AL\u00c7I BOYA [&hellip;]<\/p>\n","protected":false},"author":1,"featured_media":0,"parent":0,"menu_order":0,"comment_status":"closed","ping_status":"closed","template":"","meta":{"om_disable_all_campaigns":false,"_monsterinsights_skip_tracking":false,"_monsterinsights_sitenote_active":false,"_monsterinsights_sitenote_note":"","_monsterinsights_sitenote_category":0,"ngg_post_thumbnail":0,"footnotes":""},"class_list":["post-2461","page","type-page","status-publish","hentry"],"aioseo_notices":[],"_links":{"self":[{"href":"http:\/\/www.boyacihamdiusta.com\/index.php\/wp-json\/wp\/v2\/pages\/2461"}],"collection":[{"href":"http:\/\/www.boyacihamdiusta.com\/index.php\/wp-json\/wp\/v2\/pages"}],"about":[{"href":"http:\/\/www.boyacihamdiusta.com\/index.php\/wp-json\/wp\/v2\/types\/page"}],"author":[{"embeddable":true,"href":"http:\/\/www.boyacihamdiusta.com\/index.php\/wp-json\/wp\/v2\/users\/1"}],"replies":[{"embeddable":true,"href":"http:\/\/www.boyacihamdiusta.com\/index.php\/wp-json\/wp\/v2\/comments?post=2461"}],"version-history":[{"count":1,"href":"http:\/\/www.boyacihamdiusta.com\/index.php\/wp-json\/wp\/v2\/pages\/2461\/revisions"}],"predecessor-version":[{"id":2462,"href":"http:\/\/www.boyacihamdiusta.com\/index.php\/wp-json\/wp\/v2\/pages\/2461\/revisions\/2462"}],"wp:attachment":[{"href":"http:\/\/www.boyacihamdiusta.com\/index.php\/wp-json\/wp\/v2\/media?parent=2461"}],"curies":[{"name":"wp","href":"https:\/\/api.w.org\/{rel}","templated":true}]}}